{"id":203,"date":"2019-03-29T09:06:33","date_gmt":"2019-03-29T09:06:33","guid":{"rendered":"http:\/\/ak-frieden.de\/?page_id=203"},"modified":"2019-09-24T12:10:17","modified_gmt":"2019-09-24T12:10:17","slug":"informationen","status":"publish","type":"page","link":"https:\/\/ak-frieden.de\/?page_id=203","title":{"rendered":"Informationen"},"content":{"rendered":"\n<h2 class=\"wp-block-heading\">Ramstein-Initiative unterst\u00fctzen<\/h2>\n\n\n\n<p>Nach der Teilnahme am Ostermarsch in Mannheim\u00a0hat der Arbeitskreis Frieden- und Abr\u00fcstung im Juni auch die Ramstein-Initiative \u201eStopp Air Base Ramstein \u2013 Keinen Drohnenkrieg\u201c unterst\u00fctzt. <br>Der US-Milit\u00e4rst\u00fctzpunkt Ramstein ist ein zentrales Drehkreuz f\u00fcr die Vorbereitung und Durchf\u00fchrung v\u00f6lkerrechtwidriger Angriffskriege. Die meisten t\u00f6dlichen Eins\u00e4tze US-amerikanischer Kampfdrohnen, u.a. in Irak, Afghanistan, Pakistan, Jemen, Syrien und Afrika, werden \u00fcber die Satellitenrelaisstation auf der US-Air-Base Ramstein durchgef\u00fchrt. <br>Die Aktionswoche der Initiative unterst\u00fctzte der Arbeitskreis nach einstimmigem Beschluss mit einer Spende von 200 \u20ac.<\/p>\n\n\n\n<h2 class=\"wp-block-heading\">Getarnte Misst\u00e4nde<\/h2>\n\n\n\n<p>Ebenfalls unterst\u00fctzen will der Arbeitskreis die Unterschriftenaktion <strong>\u201eGetarnte Misst\u00e4nde \u2013 Keine Menschenrechtsverst\u00f6\u00dfe beim Einkauf der Bundesregierung\u201c<\/strong> der Christlichen Initiative Romero. <br>In einer tunesischen Fabrik werden bei der Herstellung von Bundeswehrkleidung grundlegende Arbeitsrechte verletzt. Unter www.ci-romero.de\/beschaffung kann jeder die Bundesregierung auffordern, ihren Verpflichtungen im Nationalen Aktionsplan \u201eWirtschaft und Menschenrechte\u201c sowie im Ma\u00dfnahmenprogramm \u201eNachhaltigkeit\u201c eingegangenen Verpflichtungen \u2013 Menschenrechtsverletzungen in Zusammenhang mit ihren Eink\u00e4ufen zu vermeiden \u2013 einzuhalten.<\/p>\n\n\n\n<h2 class=\"wp-block-heading\">Neue Atomwaffen in Europa und weitere Aufr\u00fcstung \u2013 zwei Seiten einer extrem kostspieligen Medaille<\/h2>\n\n\n\n<p>Der INF-Vertrag \u00fcber nukleare Mittelstreckensysteme wurde von den USA und Russland gek\u00fcndigt und wird in sechs Monaten auslaufen. Damit endet der wichtigste Abr\u00fcstungsvertrag aus der Zeit des \u201ekalten Krieges\u201c. <br>Eine neue nukleare Aufr\u00fcstung droht mit unabsehbaren Folgen. Aber nicht nur das. Neue Atomwaffen und die Modernisierung der bestehen Waffensysteme kosten den Steuerzahler*innen in den n\u00e4chsten 10 Jahren mindestens 1 Billion Euro. <br>Aktionen gegen atomare und konventionelle Aufr\u00fcstung erfordern mehr st\u00e4rkeren Widerstand. \u00dcber 140.000 Unterschriften wurden bereits f\u00fcr den Apell \u201eAbr\u00fcsten statt aufr\u00fcsten\u201c gesammelt. Denn die Bundesregierung plant, die R\u00fcstungsausgaben nahezu zu verdoppeln, auf zwei Prozent der deutschen Wirtschaftsleistung (BIP). So wurde es in der NATO vereinbart. Zwei Prozent, das sind mindestens weitere 40 Milliarden Euro auf ca. 85 Milliarden Euro, die im zivilen Bereich fehlen, so bei Schulen und Kitas, sozialem Wohnungsbau, Krankenh\u00e4usern, \u00f6ffentlichem Nahverkehr, Kommunaler Infrastruktur, Alterssicherung, \u00f6kologischem Umbau, Klimagerechtigkeit und internationaler Hilfe zur Selbsthilfe. Das gilt es zu verhindern. <br>Widerstand gegen die atomare wie auch gegen die konventionelle Aufr\u00fcstung ist die friedenspolitische Herausforderung f\u00fcr die Friedensbewegung und f\u00fcr die Gewerkschaften sowie f\u00fcr die sozialen Bewegungen. <br>Die Fortsetzung, ja Intensivierung der Unterschriftensammlung \u201eabr\u00fcsten statt aufr\u00fcsten\u201c bleibt deshalb eine wichtige M\u00f6glichkeit, den Protest auszudr\u00fccken. In den kommenden Wochen und Monaten gibt es viele gute Gelegenheiten, um f\u00fcr Frieden, eine atomwaffenfreie Welt und Abr\u00fcstung auf die Stra\u00dfe zu gehen. <br>Auch dieses Jahr werden vom 19 bis 22. April in mehr als 90 St\u00e4dten Osterm\u00e4rsche stattfinden um f\u00fcr Abr\u00fcstung, eine atomwaffenfreie Welt, den Stopp der R\u00fcstungsexporte zu demonstrieren. Der 1. September 2019, der 80. Jahrestag des \u00dcberfalls auf Polen, wird sicher ein weitere H\u00f6hepunkt friedenspolitischer Aktionen von Gewerkschaften und Friedensbewegung.<\/p>\n\n\n\n<p><\/p>\n\n\n\n<h2 class=\"wp-block-heading\"><strong>Demonstration und Festival 2019 <\/strong><\/h2>\n\n\n\n<p>Die Aktivit\u00e4ten der Stopp Air Base Ramstein Kampagne im Jahr 2019 sind etwas ganz Besonderes: Stopp Ramstein geht in das 5. Jahr der Proteste. Was klein anfing, ist mittlerweile ein fester Bestandteil der Friedensbewegung geworden. Stopp Ramstein, das sind die gr\u00f6\u00dften Proteste vor einer Milit\u00e4rbasis in Deutschland. Wir planen f\u00fcr Sa, den 29.06.2019 wieder eine Demonstration, die am Haus des B\u00fcrgers in Ramstein-Miesenbach mit einer Auftaktkundgebung beginnt und dann durch die Stadt ziehen wird. Wir wollen diesmal noch n\u00e4her an die Anwohner rund um die Milit\u00e4rbasis. Enden wird der Demonstrationszug wieder vor der Air Base Ramstein. Um Euren langen Atem auch ein wenig zu feiern, werden wir den Demonstrationszug vor den Toren der Base bei einem kleinen Festival mit Reden, viel Musik und Informationsst\u00e4nden enden lassen. Frieden geht aber nur mit Dir \u2013 daher kommt zahlreich, damit unser Protest bunt, ausdrucksstark und kr\u00e4ftig wird! Den genauen Verlauf und die Zeiten der Demo ver\u00f6ffentlichen wir in K\u00fcrze. F\u00fcr alle, die vorzeitig buchen wollen sei verraten, dass wir um 13 Uhr in Ramstein-Miesenbach beginnen werden. <\/p>\n\n\n\n<figure class=\"wp-block-image\"><img loading=\"lazy\" decoding=\"async\" width=\"1024\" height=\"424\" src=\"http:\/\/ak-frieden.de\/wp-content\/uploads\/2019\/03\/abr\u00fcsten-1024x424.png\" alt=\"\" class=\"wp-image-208\" srcset=\"https:\/\/ak-frieden.de\/wp-content\/uploads\/2019\/03\/abr\u00fcsten-1024x424.png 1024w, https:\/\/ak-frieden.de\/wp-content\/uploads\/2019\/03\/abr\u00fcsten-300x124.png 300w, https:\/\/ak-frieden.de\/wp-content\/uploads\/2019\/03\/abr\u00fcsten-768x318.png 768w, https:\/\/ak-frieden.de\/wp-content\/uploads\/2019\/03\/abr\u00fcsten-1200x497.png 1200w\" sizes=\"auto, (max-width: 709px) 85vw, (max-width: 909px) 67vw, (max-width: 1362px) 62vw, 840px\" \/><\/figure>\n\n\n\n<p>Als ob 2% des BIP f\u00fcr R\u00fcstungsausgaben (ca.85 Milliarden f\u00fcr Deutschland) noch nicht genug sind, hat es in der letzten Woche zwei Nachrichten gegeben, die zu glauben schon schwerf\u00e4llt. Sie sind aber Realit\u00e4t &#8211; Aufr\u00fcstungsrealit\u00e4t. <br>1.  Die von der CDU-F\u00fchrung diskutierte und von der Bundeskanzlerin unterst\u00fctzte Anschaffung eines Flugzeugtr\u00e4gers. Die Kosten eines neuen Flugzeugtr\u00e4gers liegen bei 10 Milliarden Euro, zu den Preisen von heute. <br>2.  Nach Berechnungen, die zurzeit von der Trump-Administration angestellt werden, sollen die Stationierungsgeb\u00fchren f\u00fcr die US-Truppen vollst\u00e4ndig plus einen Aufschlag von mindestens 50% von Deutschland und den anderen L\u00e4ndern, in denen sich US-Basen befinden, bezahlt werden. Statt bisher 1 Milliarde Dollar (28% der Stationierungskosten) pro Jahr, die \u201eDeutschland\u201c ohnehin schon bezahlt, w\u00e4ren es ca. 6 Milliarden (150% der Stationierungskosten), bei \u201egutem Benehmen\u201c nur bis zu 4 Milliarden (100%). <br>Alles weitere Gr\u00fcnde, die Unterschriftensammlung unter den Aufruf \u201eAbr\u00fcsten statt aufr\u00fcsten\u201c fortzusetzen, ja diese Sammlung wieder zu intensivieren. M\u00f6glichkeiten gibt es ja in den n\u00e4chsten Wochen mehr als genug.<br> Die Vorbereitung der Osterm\u00e4rsche mit den vielen Veranstaltungen laden doch geradezu zum Sammeln ein. Bitte nicht vergessen, auch w\u00e4hrend des Marsches kann gesammelt werden.<br>Der 1.Mai mit den gro\u00dfen DGB Kundgebung bringt viele M\u00f6glichkeiten des Sammelns mit sich. Die Friedensfrage wird bei den Kundgebungen eine gr\u00f6\u00dfere Rolle spielen, nutzen wir das in Abstimmung mit dem DGB zum Sammeln. <\/p>\n","protected":false},"excerpt":{"rendered":"<p>Ramstein-Initiative unterst\u00fctzen Nach der Teilnahme am Ostermarsch in Mannheim\u00a0hat der Arbeitskreis Frieden- und Abr\u00fcstung im Juni auch die Ramstein-Initiative \u201eStopp Air Base Ramstein \u2013 Keinen Drohnenkrieg\u201c unterst\u00fctzt. Der US-Milit\u00e4rst\u00fctzpunkt Ramstein ist ein zentrales Drehkreuz f\u00fcr die Vorbereitung und Durchf\u00fchrung v\u00f6lkerrechtwidriger Angriffskriege. Die meisten t\u00f6dlichen Eins\u00e4tze US-amerikanischer Kampfdrohnen, u.a. in Irak, Afghanistan, Pakistan, Jemen, Syrien und &hellip; <a href=\"https:\/\/ak-frieden.de\/?page_id=203\" class=\"more-link\"><span class=\"screen-reader-text\">&#8222;Informationen&#8220; <\/span>weiterlesen<\/a><\/p>\n","protected":false},"author":1,"featured_media":0,"parent":0,"menu_order":0,"comment_status":"closed","ping_status":"closed","template":"","meta":{"footnotes":""},"class_list":["post-203","page","type-page","status-publish","hentry"],"_links":{"self":[{"href":"https:\/\/ak-frieden.de\/index.php?rest_route=\/wp\/v2\/pages\/203","targetHints":{"allow":["GET"]}}],"collection":[{"href":"https:\/\/ak-frieden.de\/index.php?rest_route=\/wp\/v2\/pages"}],"about":[{"href":"https:\/\/ak-frieden.de\/index.php?rest_route=\/wp\/v2\/types\/page"}],"author":[{"embeddable":true,"href":"https:\/\/ak-frieden.de\/index.php?rest_route=\/wp\/v2\/users\/1"}],"replies":[{"embeddable":true,"href":"https:\/\/ak-frieden.de\/index.php?rest_route=%2Fwp%2Fv2%2Fcomments&post=203"}],"version-history":[{"count":8,"href":"https:\/\/ak-frieden.de\/index.php?rest_route=\/wp\/v2\/pages\/203\/revisions"}],"predecessor-version":[{"id":305,"href":"https:\/\/ak-frieden.de\/index.php?rest_route=\/wp\/v2\/pages\/203\/revisions\/305"}],"wp:attachment":[{"href":"https:\/\/ak-frieden.de\/index.php?rest_route=%2Fwp%2Fv2%2Fmedia&parent=203"}],"curies":[{"name":"wp","href":"https:\/\/api.w.org\/{rel}","templated":true}]}}