{"id":175,"date":"2019-03-28T17:27:42","date_gmt":"2019-03-28T17:27:42","guid":{"rendered":"http:\/\/ak-frieden.de\/?page_id=175"},"modified":"2019-04-06T10:41:49","modified_gmt":"2019-04-06T10:41:49","slug":"archiv","status":"publish","type":"page","link":"https:\/\/ak-frieden.de\/?page_id=175","title":{"rendered":"Archiv"},"content":{"rendered":"\n<p>Demonstration und Festival 2019 <br>Die Aktivit\u00e4ten der Stopp Air Base Ramstein Kampagne im Jahr 2019 sind etwas ganz Besonderes: Stopp Ramstein geht in das 5. Jahr der Proteste. Was klein anfing, ist mittlerweile ein fester Bestandteil der Friedensbewegung geworden. Stopp Ramstein, das sind die gr\u00f6\u00dften Proteste vor einer Milit\u00e4rbasis in Deutschland. Wir planen f\u00fcr Sa, den 29.06.2019 wieder eine Demonstration, die am Haus des B\u00fcrgers in Ramstein-Miesenbach mit einer Auftaktkundgebung beginnt und dann durch die Stadt ziehen wird. Wir wollen diesmal noch n\u00e4her an die Anwohner rund um die Milit\u00e4rbasis. Enden wird der Demonstrationszug wieder vor der Air Base Ramstein. Um Euren langen Atem auch ein wenig zu feiern, werden wir den Demonstrationszug vor den Toren der Base bei einem kleinen Festival mit Reden, viel Musik und Informationsst\u00e4nden enden lassen. Frieden geht aber nur mit Dir \u2013 daher kommt zahlreich, damit unser Protest bunt, ausdrucksstark und kr\u00e4ftig wird! Den genauen Verlauf und die Zeiten der Demo ver\u00f6ffentlichen wir in K\u00fcrze. F\u00fcr alle, die vorzeitig buchen wollen sei verraten, dass wir um 13 Uhr in Ramstein-Miesenbach beginnen werden. <\/p>\n","protected":false},"excerpt":{"rendered":"<p>Demonstration und Festival 2019 Die Aktivit\u00e4ten der Stopp Air Base Ramstein Kampagne im Jahr 2019 sind etwas ganz Besonderes: Stopp Ramstein geht in das 5. Jahr der Proteste. Was klein anfing, ist mittlerweile ein fester Bestandteil der Friedensbewegung geworden. Stopp Ramstein, das sind die gr\u00f6\u00dften Proteste vor einer Milit\u00e4rbasis in Deutschland. Wir planen f\u00fcr Sa, &hellip; <a href=\"https:\/\/ak-frieden.de\/?page_id=175\" class=\"more-link\"><span class=\"screen-reader-text\">&#8222;Archiv&#8220; <\/span>weiterlesen<\/a><\/p>\n","protected":false},"author":1,"featured_media":0,"parent":0,"menu_order":0,"comment_status":"closed","ping_status":"closed","template":"","meta":{"footnotes":""},"class_list":["post-175","page","type-page","status-publish","hentry"],"_links":{"self":[{"href":"https:\/\/ak-frieden.de\/index.php?rest_route=\/wp\/v2\/pages\/175","targetHints":{"allow":["GET"]}}],"collection":[{"href":"https:\/\/ak-frieden.de\/index.php?rest_route=\/wp\/v2\/pages"}],"about":[{"href":"https:\/\/ak-frieden.de\/index.php?rest_route=\/wp\/v2\/types\/page"}],"author":[{"embeddable":true,"href":"https:\/\/ak-frieden.de\/index.php?rest_route=\/wp\/v2\/users\/1"}],"replies":[{"embeddable":true,"href":"https:\/\/ak-frieden.de\/index.php?rest_route=%2Fwp%2Fv2%2Fcomments&post=175"}],"version-history":[{"count":2,"href":"https:\/\/ak-frieden.de\/index.php?rest_route=\/wp\/v2\/pages\/175\/revisions"}],"predecessor-version":[{"id":224,"href":"https:\/\/ak-frieden.de\/index.php?rest_route=\/wp\/v2\/pages\/175\/revisions\/224"}],"wp:attachment":[{"href":"https:\/\/ak-frieden.de\/index.php?rest_route=%2Fwp%2Fv2%2Fmedia&parent=175"}],"curies":[{"name":"wp","href":"https:\/\/api.w.org\/{rel}","templated":true}]}}