{"id":15,"date":"2019-03-26T09:37:57","date_gmt":"2019-03-26T09:37:57","guid":{"rendered":"http:\/\/ak-frieden.de\/?page_id=15"},"modified":"2026-04-17T11:14:59","modified_gmt":"2026-04-17T11:14:59","slug":"termine","status":"publish","type":"page","link":"https:\/\/ak-frieden.de\/?page_id=15","title":{"rendered":"Termine"},"content":{"rendered":"\n<p class=\"has-medium-font-size\"><strong>Nachfolgend die Termine zu unseren Treffen <\/strong><br><strong>zum Vormerken:<\/strong><\/p>\n\n\n\n<p><strong>N\u00e4chster politischer Stammtisch:<\/strong><br>Donnerstag, 21. Mai<br>ab 19.00 Uhr im Journal (Nebenzimmer)<br>Offenbach, Hauptstra\u00dfe<\/p>\n\n\n\n<p><\/p>\n\n\n\n<p>Lesenswerte Infos zur Erd\u00f6lsuche in Offenbach:<br>https:\/\/kein-erdoel-aus-offenbach.de\/<\/p>\n\n\n\n<p><\/p>\n","protected":false},"excerpt":{"rendered":"<p>Nachfolgend die Termine zu unseren Treffen zum Vormerken: N\u00e4chster politischer Stammtisch:Donnerstag, 21. Maiab 19.00 Uhr im Journal (Nebenzimmer)Offenbach, Hauptstra\u00dfe Lesenswerte Infos zur Erd\u00f6lsuche in Offenbach:https:\/\/kein-erdoel-aus-offenbach.de\/<\/p>\n","protected":false},"author":1,"featured_media":0,"parent":0,"menu_order":0,"comment_status":"closed","ping_status":"closed","template":"","meta":{"footnotes":""},"class_list":["post-15","page","type-page","status-publish","hentry"],"_links":{"self":[{"href":"https:\/\/ak-frieden.de\/index.php?rest_route=\/wp\/v2\/pages\/15","targetHints":{"allow":["GET"]}}],"collection":[{"href":"https:\/\/ak-frieden.de\/index.php?rest_route=\/wp\/v2\/pages"}],"about":[{"href":"https:\/\/ak-frieden.de\/index.php?rest_route=\/wp\/v2\/types\/page"}],"author":[{"embeddable":true,"href":"https:\/\/ak-frieden.de\/index.php?rest_route=\/wp\/v2\/users\/1"}],"replies":[{"embeddable":true,"href":"https:\/\/ak-frieden.de\/index.php?rest_route=%2Fwp%2Fv2%2Fcomments&post=15"}],"version-history":[{"count":66,"href":"https:\/\/ak-frieden.de\/index.php?rest_route=\/wp\/v2\/pages\/15\/revisions"}],"predecessor-version":[{"id":856,"href":"https:\/\/ak-frieden.de\/index.php?rest_route=\/wp\/v2\/pages\/15\/revisions\/856"}],"wp:attachment":[{"href":"https:\/\/ak-frieden.de\/index.php?rest_route=%2Fwp%2Fv2%2Fmedia&parent=15"}],"curies":[{"name":"wp","href":"https:\/\/api.w.org\/{rel}","templated":true}]}}